*m(k) - 5*z(k). What is i(2)?
-10
Let o(y) = -7*y + 2. Let s(w) = 7*w - 2. Let v(g) = 3*o(g) + 4*s(g). Let d(f) = f - 3. Let r be d(5). What is v(r)?
12
Suppose 0 = n - 3 - 1. Let p = -1 + n. Let b(s) = -s + 1. Let l(d) = d**3 - 3*d**2 + 9*d - 7. Let j(x) = -5*b(x) - l(x). Give j(p).
-10
Let b(q) = -q**2 + 6*q + 5. Suppose -4*s = -4*i - 0*i - 4, 0 = 5*i + s - 13. Suppose i*l - 9 = 3*n, -2*n + 4*l + 7 = -n. Let z = n + 10. What is b(z)?
10
Let p be (-34)/10 + 2/5. Let o = p - -4. Let k(d) = -1 + o + d + 2. Give k(-2).
0
Let y(w) = -17 - w + 16 + w**2 - 2*w**2. Determine y(-2).
-3
Let d be ((-1)/(-2))/(5/30). Let a(b) = -1 + 2 - d*b - 2. Give a(3).
-10
Let b(y) = -y**3 - 2 - 1 - 8 + 9. Suppose 2*v - u = -2, 5*u + 0*u = 2*v + 10. Calculate b(v).
-2
Suppose 8*h - 15 = 3*h. Suppose -h*k - 2 = 1. Let z(v) = v**2 - v - 1. Let p(r) = 5*r**3 + 4*r**2 - 7*r - 6. Let y(m) = p(m) - 6*z(m). Calculate y(k).
-6
Let s be (-10)/(-35) - 18/14. Let i be ((0 + 1)/(-1))/s. Let a(j) = -7*j - 5. Let g(p) = 6*p + 4. Let b(o) = -3*a(o) - 4*g(o). What is b(i)?
-4
Let t(c) = -c + 2*c + 1 + 3*c + c**3 + 5*c**2 + c. Let x be 2 - 4 - (-1 + 3). Give t(x).
-3
Let b(d) = -d**2 + 3*d + 3. Suppose -12 = 9*c - 39. Calculate b(c).
3
Let k be (-3)/(-5) + (-33)/5. Let c(z) = 7*z**3 + 7*z**2 + 8. Let n(y) = -20*y**3 - 21*y**2 - y - 24. Let x(t) = -17*c(t) - 6*n(t). Determine x(k).
8
Suppose -7 = -6*c - c. Let s(a) = a - 1. Let q(y) = 6*y - 1 - 3*y + 2*y. Let i(f) = c*q(f) - 2*s(f). Calculate i(1).
4
Let f(x) = -10*x + 5. Let w(g) = 3*g - 2. Let u(t) = 2*f(t) + 7*w(t). Give u(3).
-1
Let a(l) be the first derivative of -2*l**2 - 16. Give a(-1).
4
Let w(t) = 4*t. Let r be (-2 - (-2 - -1)) + 2. Give w(r).
4
Let q(t) = -t**2 + 2. Let f be q(0). Suppose -3*v - 15 = 4*a, -2*a - f*v - 2*v = 20. Suppose a = -6*n + 3*n. Let m(z) = -z + 10. Calculate m(n).
10
Let o(l) be the second derivative of l**6/720 - l**5/60 + l**4/6 - l. Let m(t) be the third derivative of o(t). Determine m(-5).
-7
Let s(p) = 2*p**2 + 3*p + 2. Let n(q) = -q**3 - 3*q**2 - q. Let z be n(-3). Suppose z*k + 0*k + 6 = 0. Give s(k).
4
Let a(r) = 0 - 3 + 7*r + 6*r - 11*r. Give a(5).
7
Let k be 43/15 - (-26)/195. Let p(a) = -2*a**2 + 4*a + 1. Calculate p(k).
-5
Suppose 3 = -3*q - 9. Let z(m) = m**3 + 6*m**2 + 5*m + 1. What is z(q)?
13
Let h(o) = o**3 + o - 2. Let t be h(0). Let r = t + 1. Let i(b) = -7*b - 1. What is i(r)?
6
Let u(y) be the second derivative of y**5/24 - y**4/12 + y**3/3 - 2*y. Let a(b) be the second derivative of u(b). What is a(2)?
8
Let w(a) = a**3 - a**2 + 1. Suppose -4*j - q + 4*q + 1 = 0, 3*j + 15 = -3*q. Let z be 14/7 + j/1. Determine w(z).
1
Let q be ((-1)/2)/((-7)/84). Let c(f) = f**3 - 5*f**2 - 1. Let s(g) = -g**3 + 6*g**2 + 1. Let y(u) = q*s(u) + 7*c(u). What is y(-2)?
-5
Let f(z) = -2*z**2. Let x be (0 - (-2 - -2)) + 3. Suppose 3*a - x*u - 15 = 0, 0 = a + 5*u + 9 + 4. Suppose -6 = a*h, -i + 4*h = -0*i - 13. Calculate f(i).
-2
Let d(v) = v**3 + 2*v**2 + v. Suppose -4*b + 3*q = 7*q + 24, -3*q - 14 = -b. Calculate d(b).
0
Suppose 5*f - 13 = -3*h, 2 = 4*h - 2. Suppose -w - 1 = f*v, -4*w = -v - 3*v - 8. Let s(c) = -6*c - 1. What is s(v)?
5
Let d(g) = -3 - 41*g + 1 + 38*g + g**2 - 2. Give d(5).
6
Suppose -22 = -3*m - s, s + s - 20 = -2*m. Let w(f) = -3*f**2 - 1 + 3*f**2 + m*f + f**2. What is w(-5)?
-6
Suppose -5*o - 8 = j - 3*j, 2 = 2*j - 2*o. Let m(l) = 9*l + 5. Let b(v) = -17*v - 9. Let h(g) = -4*b(g) - 7*m(g). What is h(j)?
-4
Suppose 2*c = -2*c - 8. Let v(t) = -t + 2. Let d(q) = -q + 1. Let l(r) = 4*d(r) - v(r). What is l(c)?
8
Let g = -6 - -7. Let f(b) = 3*b**3 + 1. Determine f(g).
4
Let r(w) = 3*w**3 + 35*w**2 + 2 - 9*w**2 + 4 + 12*w. Let c(b) = b**3 + 9*b**2 + 4*b + 2. Let j(t) = -17*c(t) + 6*r(t). Determine j(-2).
-2
Let x be (-16)/(-6) - (-4)/(-6). Let h be 1/(-2)*(-12)/(-6). Let d be -2*3/x*h. Let a(w) = -w**2 + 5*w - 3. Calculate a(d).
3
Suppose 5*w = w + 32. Let z = -6 - -16. Let t be (-1)/(w/z - 1). Let i(s) = 2*s - 7. Give i(t).
3
Let m(p) be the second derivative of -p**5/20 - p**4/2 - p**3 - p**2 + 17*p. Give m(-5).
3
Let l(a) = 2*a**2 - 3*a + 21. Let t(m) = m**2 - 4*m - 5. Let i be t(6). Let b(z) = z**2 - 2*z + 10. Let w(c) = i*b(c) - 3*l(c). Determine w(5).
7
Let h = 4 - 8. Let d = 1 - h. Let r(y) = -y - 1. Let f(q) = q + 2. Let w(p) = -5*f(p) - 4*r(p). What is w(d)?
-11
Let h(p) = -p**2 - 6*p + 6. Let n(m) = m**3 + 3*m**2 - 5*m - 11. Let g be n(-4). Calculate h(g).
-1
Let i(s) = -s**2 + s + 1. Let c(g) = -18*g**2 + 3*g + 3. Let d(w) = c(w) - 4*i(w). Determine d(-1).
-14
Let t(v) = -9*v + 18*v - 7*v. What is t(7)?
14
Let p be -1 - 0 - 1 - -5. Let j be p + (-1 - -1 - 3). Let d(a) = -a**3 - 6. What is d(j)?
-6
Let d(f) = 9*f**2 + 21*f - 13. Suppose j = k - 1, -1 = -k - 6. Let t(n) = 5*n**2 + 11*n - 7. Let q(b) = j*d(b) + 11*t(b). Calculate q(2).
-5
Let k(p) = 1. Let y(g) = g - 10. Let o(r) = -4*k(r) - y(r). Suppose -20 = -2*n - 3*n. Suppose 0 = n*q - 16 - 4. Give o(q).
1
Let n(z) = -z**2 + 8*z - 3. Suppose 11 = 5*m - 4. Determine n(m).
12
Suppose 2*f - 5*f = 4*f. Let w(u) = u**2 - 10. What is w(f)?
-10
Let k be ((-2)/4)/(2/(-16)). Suppose c = k*c + 6. Let t be (c - -8)/(3/(-2)). Let d(s) = s + 4. Calculate d(t).
0
Suppose -3*w - 2 + 8 = 5*a, -8 = -4*w - 3*a. Let n(r) = -8*r**2 + 5*r + 9. Let h(l) = -3*l**2 + 2*l + 3. Let f(s) = -11*h(s) + 4*n(s). What is f(w)?
3
Let d(q) = -5 + 30*q**3 + 5*q - 2 - 14*q**3 - 7*q**2 - 15*q**3. Calculate d(7).
28
Let j(z) be the third derivative of z**6/120 + z**5/60 - z**4/24 - z**3/6 - z**2. Let c = 3 + -1. Suppose 3 = 2*k + 3*d, -k = c*d - 3*d + 1. Determine j(k).
-1
Let n(m) = 5*m + 4. Let x(u) = -11*u - 7. Let v(w) = -5*n(w) - 3*x(w). Give v(1).
9
Let t be 2/(-6) - 5/3. Let b be (-4)/22 - (-245)/77. Let l(r) = -2*r + 4*r**b - r**3 - 2*r**3 - 3. Calculate l(t).
-7
Let o(x) = -x**2 + 2*x + 4. Let k(g) = -g**2 - 9*g - 9. Let v be k(-7). Give o(v).
-11
Let p(a) = 20*a**3 + 23*a**2 + 23*a + 20. Let u(c) = -7*c**3 - 8*c**2 - 8*c - 7. Let j(g) = 6*p(g) + 17*u(g). Let i(b) = 5*b + 24. Let o be i(-5). What is j(o)?
0
Let z(k) = -16*k + 3. Let g(l) = l**2 + 13*l + 44. Let b be g(-6). What is z(b)?
-29
Let r(x) = -5 + 3*x - x - 1. Let m be -209 + 0 + (1 - 2). Let q be m/(-55) + 4/22. Calculate r(q).
2
Let b(i) be the second derivative of -i**6/120 - i**5/30 - i**4/8 - i**2/2 - 3*i. Let r(q) be the first derivative of b(q). Give r(-2).
6
Let o(q) = -1 + 2*q**2 - 1 - q**2 - 2*q - 5*q. What is o(6)?
-8
Let y(f) = 6*f - 17. Let m(h) = 7*h - 18. Let n(i) = -5*m(i) + 6*y(i). What is n(0)?
-12
Let x(i) = 0*i + i**2 - 13 - 2*i + 15. Suppose 2*g - 4 = -0*g. Determine x(g).
2
Let c(p) = -p**2 - 4*p - 4. Let a(u) = u**2 + 7*u + 2. Let j be a(-5). Let q = j - -6. Let v(f) = -2*f**2 - f + 2. Let t be v(q). Give c(t).
-4
Let f(y) = -y - y**2 - 5*y - y**3 + 7*y**2 + 3*y. Let a(j) = -j**3 + 6*j**2 - 4*j - 1. Let s be a(5). Let b be 1*((s - 0) + 1). Calculate f(b).
10
Let x(a) = -7*a + 1. Let s = -170 - -169. What is x(s)?
8
Let h(v) = 7*v**3 + v**2 + 5*v - 16. Let i(l) = 8*l**3 + 2*l**2 + 5*l - 18. Let q(x) = -7*h(x) + 6*i(x). Give q(4).
0
Let m(h) = -29 - h**2 - 22 + 53. Determine m(0).
2
Let o(b) = 4*b**2 + 2*b - 1. Let a(u) = 4*u**2 + 2*u - 2. Let k(r) = 2*a(r) - 3*o(r). Give k(2).
-21
Let t = 3 - 5. Let l = 0 - t. Let r(j) = l - 2 - j. What is r(-1)?
1
Let o be 7/126*(-6)/(-4). Let p(z) be the second derivative of 2*z**2 + o*z**4 - 5/6*z**3 + 0 + z. What is p(5)?
4
Let n(t) be the first derivative of -t**2/2 - 5*t + 5. Let o be (-6 + 1)/(-2 + 1). Determine n(o).
-10
Let o(q) = q - 6. Let c be 5/(-5) - 1*3. Let u(k) = k**2 + k + 1. Let d be u(c). Suppose 5*y + 4*v - d = 0, 19 = -2*y + 7*y + 2*v. Calculate o(y).
-1
Let h(i) be the third derivative of -i**9/60480 + i**8/5040 - i**7/2520 - i**6/360 + i**5/15 + 3*i**2. Let w(l) be the third derivative of h(l). Give w(2).
2
Let f(v) = v**2 + 1. Let z(o) = -4*o**2 + o - 15. Let i(m) = 5*f(m) + z(m). What is i(0)?
-10
Suppose 0 = -p + 5 - 3. Let r(i) = p*i**2 - 4*i + 6*i - i**3 + 0*i**2. Let u(l) = -l**3 - 2*l**2 - 2*l - 1. Let w be u(-2). Determine r(w).
-3
Let p be (-14)/(-4) - 5/10. Suppose -p*q = 2*q - 50. Let k be 42/30 - 4/q. Let z(m) = -8*m**2 + 1. Determine z(k).
-7
Let d(x) = x**3 - 3*x**2 - 7*x - 1. Let k(c) = -c**2 - 7